
Let l(p) = -11*p + 21. Let h(q) be the second derivative of -2*q**3/3 + q**2/2 + 28*q + 4. Let f(v) = -4*h(v) + l(v). Calculate f(-5).
-8
Let u(w) = -394*w**3 + 66*w**2 + 61*w - 362. Let n(z) = 139*z**3 - 22*z**2 - 20*z + 121. Let o(g) = -17*n(g) - 6*u(g). Calculate o(23).
46
Suppose 248 + 164 = -103*z. Let d(c) be the second derivative of -c**4/12 - 2*c**3/3 - 5*c**2/2 - 2*c - 17. What is d(z)?
-5
Let h = -18 - -24. Let b(l) = h*l - 8*l - l. Let u be (-8)/(-18)*((-22)/(-4) - 1). What is b(u)?
-6
Let b(c) = -27*c**2 + 60*c - 35. Let w be b(1). Let y(i) = -i**2 - 6*i - 6. Let x(z) = z**2 + 5*z + 5. Let r(h) = -5*x(h) - 4*y(h). Give r(w).
-3
Let i(b) = -7*b**3 + 15*b**2 - 46*b + 23. Let x(r) = -15*r**3 + 30*r**2 - 99*r + 44. Let w(o) = -13*i(o) + 6*x(o). What is w(15)?
25
Suppose 0 = 11*n + 15 - 59. Suppose -2*c - n*x = -8, 0 = 3*c + 2*c + 2*x - 4. Let h(l) = -l + 8 + 3*l - l + c*l. Determine h(-6).
2
Let q = -7/3083 + 3223/61660. Let t(s) be the second derivative of 3/2*s**3 + 5/6*s**4 + q*s**5 + 37*s + 0 - 5*s**2. What is t(-9)?
-10
Let r(w) be the second derivative of 0*w**4 - 44*w + 1/20*w**5 + 2*w**2 - w**3 + 0. Calculate r(-3).
-5
Let q = 80 - 73. Let u(r) = -2*r**2 + r - 4. Let o(n) = -5*n**2 + 2*n - 7. Let h(k) = q*u(k) - 3*o(k). Calculate h(-4).
5
Let g(r) be the third derivative of -r**4/24 + 2*r**3 + 2*r**2 - 101*r - 4. Calculate g(31).
-19
Let g be (-18)/(-135) + 472/60. Suppose -f - 28 = -g*f. Let b(d) = -d**3 + 3*d**2 + 4*d - 3. What is b(f)?
-3
Let o be 12/(-10)*(-10)/4. Let t(r) be the first derivative of -r**2/2 + 5*r + 242. Let s(u) = -16. Let x(h) = s(h) + 3*t(h). What is x(o)?
-10
Let l(c) = -2*c**2 - 29*c + 45. Let z(w) = 45*w - 106. Let y be z(2). Determine l(y).
-3
Suppose -26 = -2*v + 2*p, -v - 5 = 4*p - 3. Let l be -2 - 4*(-12)/8. Suppose 18 + v = -l*g. Let h(t) = -t**2 - 9*t - 8. Give h(g).
6
Let t(h) = 4612*h - 1557*h - 1550*h - 1534*h - 183. What is t(-6)?
-9
Let m = -68 + 86. Let t(y) = 5*y - 9. Let i(h) = h - 2. Let w(n) = m*i(n) - 4*t(n). Determine w(-4).
8
Let g(s) = 1702*s - 3442*s - 29 + 1714*s. What is g(0)?
-29
Let u be 4 - (0 - -4*1/2). Suppose 3*m - 14 = -u. Suppose -2*n - 2*n - m = -4*o, 0 = 5*n + o - 7. Let c(v) = 6*v + 1. Give c(n).
7
Let x(s) = 5*s**3 + 25*s**2 + 9*s + 45. Let t(y) = -y**3 - 6*y**2 - 3*y - 10. Let a(c) = 9*t(c) + 2*x(c). Determine a(5).
-20
Let h = 183 + -19. Let q = h - 159. Let z(t) = 3*t - 6. Give z(q).
9
Let h(f) = 28 + 32 + 26*f**2 + 2*f - 25*f**2 - 42. Give h(9).
117
Let g(r) be the second derivative of r**5/40 + r**4/8 + r**3/3 - 20*r**2 - 72*r. Let k(c) be the second derivative of g(c). What is k(5)?
18
Let w(d) = d**3 - 5*d**2 + 7*d - 6. Let f be w(4). Let x(y) be the third derivative of -y**4/8 - 5*y**3/6 + 25*y**2 - 23*y - 2. Give x(f).
-23
Let m(k) = 11*k - 54. Suppose -210 = -22*a - 13*a. Determine m(a).
12
Suppose i = 4*a + 27, -72 = 3*a - 0*i + 5*i. Let k(t) = -2*t - 20. Determine k(a).
-2
Let x(b) be the second derivative of b**3/6 + 7*b**2/2 + b. Let i be 0*(-6 + (-6 - -1 - (-124)/24)*33). Calculate x(i).
7
Let s(n) = -44*n + 21. Let x(h) = -15*h + 7. Let i(t) = 3*s(t) - 8*x(t). Let d be i(1). Let u(o) = 2*o + 7. What is u(d)?
-3
Let g(w) = 15*w - 119. Let c be g(9). Suppose -3*s - c = l - 7*s, 5*s - 5 = 5*l. Let j(k) = -k**2. Calculate j(l).
-16
Let f(b) = b**3 - 9*b**2 - 10*b + 3. Suppose -4*l + 20*l = -128. Let d be ((-10)/l)/(2/16). Determine f(d).
3
Let o(h) = -4*h**2 - 52*h + 18. Let n(u) = -u**2 - 17*u + 6. Let k be (-15)/(-6) - (-6)/(-12). Let z(g) = k*o(g) - 7*n(g). Calculate z(14).
8
Let b = -31883 + 31889. Let i(g) be the third derivative of g**5/60 - 5*g**4/24 + 7*g**3/6 + g**2. Calculate i(b).
13
Let d(v) = 7*v**2 + 6*v - 26. Let p(b) = 8*b**2 + 7*b - 28. Let i(a) = 6*d(a) - 5*p(a). What is i(-4)?
12
Let f(b) = -2*b**2 - 9*b + 8. Suppose g + 20 = -3*c, -31 - 1 = 4*c + 4*g. Calculate f(c).
-10
Let o(c) = 9*c - 37. Let x(w) = -30*w + 108. Let f(p) = -7*o(p) - 2*x(p). Give f(15).
-2
Let x(z) = -11*z**2 - 21*z + z**2 + 22*z**2 - 9*z**2 - 4*z**2 - 77. Determine x(-15).
13
Let y(a) = -a**2 + 4*a + 57. Let j = 7154 + -7145. What is y(j)?
12
Let z = 24367 + -24383. Let i(d) = d**3 + 16*d**2 - d - 27. Calculate i(z).
-11
Let u = -476 + 505. Suppose -27 = u*t - 38*t. Let a(x) = -x**3 + 6*x**2 + x - 2. Give a(t).
28
Let t(b) = -43091*b**2 + 43098*b**2 - 19*b**3 + 18*b**3 - 5*b - 22. What is t(5)?
3
Let n be 321/6 + 1/2. Let u(b) = -5*b + 97 - 47 - n. Let d = -10 + 6. Give u(d).
16
Let i(w) = -5*w**2 + w + 1. Let a(u) = 3*u**2 - 40*u - 26. Let k be a(14). Let l be (-2 + 1)*1/(-1). Let j be l + -1 + -3 + k. Determine i(j).
-5
Suppose -b - 4*a = b - 14, 0 = -4*b - 4*a + 48. Let g(s) = s - 1 + b - 7 - 6. Calculate g(-9).
-6
Let x(t) = -217*t - 646. Let n be x(-3). Let b(r) = -3 - r + 7 + 3. Determine b(n).
2
Let a(f) = -4*f**2 - f + 29. Let k be a(3). Let l(h) = -4*h - 21. Determine l(k).
19
Suppose 90*t - 36 = 84*t. Let m(x) be the third derivative of -x**4/24 - 26*x**2. Determine m(t).
-6
Let f(a) = -a**2 - 7*a - 8. Let m be f(-4). Let x(k) = -k**2 + 7*k + 7. Let s(p) = p**2 - 7*p - 7. Let y(u) = m*s(u) + 3*x(u). Give y(5).
-17
Suppose 0 = -2*o + 4, 0 = -5*f - 11*o + 15*o + 222. Suppose -39*l + 56 = -f*l. Let s(y) = -3*y - 11. Calculate s(l).
13
Let d(u) = 5*u - 18. Let x be ((-6)/1 + (-8)/(16/2))*-1. Give d(x).
17
Let h(l) = -l**3 + 5*l**2 + l + 1. Let v be ((-98)/(-3))/((2 + -5)/9). Let f = v + 104. What is h(f)?
-29
Let o(b) = 5*b**2 - 7*b - 8. Let x(q) = 404*q**2 + 8*q + 23 - 418*q**2 + 13*q. Let r(a) = -17*o(a) - 6*x(a). Calculate r(-5).
8
Let n(u) = -1603*u + u**2 - 5 - 1 + 1594*u. Give n(10).
4
Let p(b) be the first derivative of 2*b**2 + 8*b + 23615. Let n = 9 + -16. Give p(n).
-20
Let d(j) be the first derivative of -j**3/3 + 5*j**2 - 3*j + 103. Let o(w) = w**2 - 11*w + 4. Let h(m) = 7*d(m) + 6*o(m). What is h(4)?
3
Let q(a) = 2*a**3 + 49*a**2 + 22*a - 35. Suppose -19*h + 18*h = -d + 18, d = -6. What is q(h)?
13
Let i(a) = a**2 + 12*a - 14. Let m = 7635 + -7647. What is i(m)?
-14
Let t(y) = 15 - y - 8*y - 4*y - 4*y. Let o be t(1). Let h(d) = -5*d + 2. Determine h(o).
12
Let d = 80477 - 80484. Let f(y) be the third derivative of 0*y - y**3 - y**2 + 0 + 1/24*y**4. What is f(d)?
-13
Let u(z) be the third derivative of -z**4/4 + 9*z**3/2 - 4644*z**2. Calculate u(10).
-33
Let t(y) be the first derivative of -45*y**4/2 + y**3/3 - y - 2999. What is t(-1)?
90
Suppose -5*j = -23 + 8. Suppose -147 = -j*w - 18*w. Let c(i) = -i**3 + 8*i**2 - 5*i - 3. Give c(w).
11
Let u(j) be the third derivative of j**5/60 + j**4/6 + j**3 - 22*j**2. Suppose o = -2, 3*k = -2*k - o - 212. Let s = -46 - k. Determine u(s).
6
Let u = 60 - 60. Let w(v) = u*v - 12*v + 11*v + 6 + 8. What is w(14)?
0
Let v(x) = 10*x**2 - 27*x - 2. Let w(b) = -24*b**2 + 56*b + 7. Let p(g) = -7*v(g) - 3*w(g). Calculate p(-11).
4
Let d(t) = -57*t - 91*t + 200*t + 4 - 43*t. What is d(2)?
22
Let u = 434 - 437. Let y(i) = 8*i. Let s(f) = 5*f. Let t(g) = u*s(g) + 2*y(g). Give t(3).
3
Let b(i) = -i + 4. Suppose -u - 18 = -4*u. Let a be b(u). Let y(k) be the first derivative of k**3/3 + k**2 + 3*k + 78174. Give y(a).
3
Let f(m) = 9*m**2 - 9*m + 32. Let d(g) = 9*g**2 - 9*g + 24. Let k(t) = -5*d(t) + 4*f(t). Calculate k(-1).
-10
Let o(v) = -v**3 - 124 + 62 - 2*v**2 + 21*v + 13*v + 64 - 29*v. Suppose -11 = 4*d - 4*g + 5*g, 5 = 5*g. Give o(d).
-4
Let g(h) = 13*h - 56. Let q(u) = -6*u + 27. Let c(o) = -2*g(o) - 5*q(o). Calculate c(9).
13
Let z = 4 + -3. Let a(o) = 5*o**2 + 384066*o**3 - 192020*o**3 - 3*o**2 - 192001*o**3 - o. Give a(z).
46
Let o(f) = 5*f + 16*f**3 + 4*f**2 - 9 - 4*f - 17*f**3 + f. Let w = -10 + 13. What is o(w)?
6
Suppose -69*p = 79*p - 122 - 174. Let o(g) = 38*g - 74. Calculate o(p).
2
Let g(u) be the second derivative of 1/6*u**3 + 0*u**2 - 2 - 134*u. Suppose 2*o + 10 = -4*k + k, 4*k + 44 = 5*o. Calculate g(k).
-6
Suppose -o - 54*u + 1 = -52*u, -11 = 3*o + 4*u. Let s(t) = -10*t - 111. What is s(o)?
19
Let n(l) = 22*l + 22 - 12*l - 4 - 7*l. Let b = 3087 - 3095. Give n(b).
-6
Let a(d) = 7*d**3 - 5*d**2 + 18*d + 30. Let y(o) = -48*o**3 + 35*o**2 - 121*o - 210. Let w(i) = -41*a(i) - 6*y(i). Determine w(7).
44
Suppose 0*r = r - p, p = -5*r + 18. Suppose -25 = -4*v + r*q, -q = 4*v + q - 30. Let n(u) = -4 - 3 +